{"id":230,"date":"2022-02-03T21:16:05","date_gmt":"2022-02-03T20:16:05","guid":{"rendered":"https:\/\/zspwr.nazwa.pl\/?page_id=230"},"modified":"2022-02-16T21:30:17","modified_gmt":"2022-02-16T20:30:17","slug":"szkola-humanitarna","status":"publish","type":"page","link":"https:\/\/www.zspwolaradlowska.pl\/?page_id=230","title":{"rendered":"Szko\u0142a Humanitarna"},"content":{"rendered":"\n<p class=\"has-text-align-left\">Opiekun: Anna Klich<\/p>\n\n\n\n<p>Publiczne Gimnazjum im. B\u0142. Karoliny w Woli Rad\u0142owskiej w roku szkolnym 2013\/2014 przyst\u0105pi\u0142o do og\u00f3lnopolskiego projektu edukacyjnego Aktywne szko\u0142y na rzecz globalnej odpowiedzialno\u015bci. Patronat nad projektem sprawowa\u0142a Polska Akcja Humanitarna oraz niemiecka i szwajcarska organizacja zajmuj\u0105ca si\u0119 pomoc\u0105 humanitarn\u0105 i tematyk\u0105 globaln\u0105. Uczniowie pierwszej klasy gimnazjum realizowali w ci\u0105gu ca\u0142ego roku szkolnego dwa projekty edukacyjne: Stop dla braku wody na \u015bwiecie i Stop dla g\u0142odu na \u015bwiecie. Pracuj\u0105c metod\u0105 projektu uczniowie zaplanowali szereg dzia\u0142a\u0144, kt\u00f3re realizowali zgodnie z planem. Na szczeg\u00f3ln\u0105 uwag\u0119 zas\u0142uguje fakt, \u017ce jako jedna z niewielu szk\u00f3\u0142 go\u015bcili\u015bmy przedstawicieli PAH. Przybyli oni w celu udokumentowania dzia\u0142a\u0144 projektowych i przeprowadzenia wywiadu z uczniami. Ponadto dwukrotnie odby\u0142y si\u0119 na terenie naszej szko\u0142y warsztaty dla uczni\u00f3w klasy pierwszej gimnazjum, prowadzone przez trenera PAH.<\/p>\n\n\n\n<figure class=\"wp-block-gallery has-nested-images columns-default is-cropped wp-block-gallery-1 is-layout-flex wp-block-gallery-is-layout-flex\">\n<figure class=\"wp-block-image size-large\"><img loading=\"lazy\" decoding=\"async\" width=\"1024\" height=\"680\" data-id=\"231\" src=\"https:\/\/zspwr.nazwa.pl\/wp-content\/uploads\/2022\/02\/h1-1024x680.jpg\" alt=\"\" class=\"wp-image-231\" srcset=\"https:\/\/www.zspwolaradlowska.pl\/wp-content\/uploads\/2022\/02\/h1-1024x680.jpg 1024w, https:\/\/www.zspwolaradlowska.pl\/wp-content\/uploads\/2022\/02\/h1-300x199.jpg 300w, https:\/\/www.zspwolaradlowska.pl\/wp-content\/uploads\/2022\/02\/h1-768x510.jpg 768w, https:\/\/www.zspwolaradlowska.pl\/wp-content\/uploads\/2022\/02\/h1.jpg 1386w\" sizes=\"auto, (max-width: 1024px) 100vw, 1024px\" \/><\/figure>\n<\/figure>\n\n\n\n<p>W\u015br\u00f3d wielu dzia\u0142a\u0144 projektowych realizowanych w ci\u0105gu ca\u0142ego roku szkolnego nale\u017cy wyr\u00f3\u017cni\u0107 kilka z nich: &#8211; Nagranie filmu zach\u0119caj\u0105cego m\u0142odzie\u017c do oszcz\u0119dzania wody, &#8211; Przygotowanie scenariusza i przedstawienia teatrzyku kukie\u0142kowego dla najm\u0142odszych uczni\u00f3w naszej szko\u0142y Niebieski Kapturek, kt\u00f3rego fabu\u0142a dotyczy rzeczywisto\u015bci afryka\u0144skiej, a dok\u0142adnie utrudnionego dost\u0119pu do wody w Sudanie Po\u0142udniowym, &#8211; Zorganizowanie loterii fantowej Szklanka wody za misia. Zebrane fundusze zosta\u0142y wp\u0142acone na konto PAH w ramach akcji Studnia dla po\u0142udnia, &#8211; Przygotowanie kiermaszu samodzielnie upieczonych babeczek marchewkowych, z kt\u00f3rych zysk przekazany PAH na wsparcie akcji \u015bwiat bez g\u0142odu, &#8211; Za\u0142o\u017cenie w szkole Szkolnego Klubu Humanitarnego, opracowanie regulaminu i logo tego klubu.<\/p>\n\n\n\n<figure class=\"wp-block-gallery has-nested-images columns-default is-cropped wp-block-gallery-2 is-layout-flex wp-block-gallery-is-layout-flex\">\n<figure class=\"wp-block-image size-large\"><img loading=\"lazy\" decoding=\"async\" width=\"1024\" height=\"607\" data-id=\"232\" src=\"https:\/\/zspwr.nazwa.pl\/wp-content\/uploads\/2022\/02\/h2-1024x607.jpg\" alt=\"\" class=\"wp-image-232\" srcset=\"https:\/\/www.zspwolaradlowska.pl\/wp-content\/uploads\/2022\/02\/h2-1024x607.jpg 1024w, https:\/\/www.zspwolaradlowska.pl\/wp-content\/uploads\/2022\/02\/h2-300x178.jpg 300w, https:\/\/www.zspwolaradlowska.pl\/wp-content\/uploads\/2022\/02\/h2-768x455.jpg 768w, https:\/\/www.zspwolaradlowska.pl\/wp-content\/uploads\/2022\/02\/h2.jpg 1342w\" sizes=\"auto, (max-width: 1024px) 100vw, 1024px\" \/><\/figure>\n<\/figure>\n\n\n\n<p>Koordynatorki projektu Anna Klich i Ma\u0142gorzata Dryga\u015b wraz z dwiema uczennicami Sylwi\u0105 Zale\u015bn\u0105 i Justyn\u0105 Pokidan, uczestniczy\u0142y w zorganizowanych przez PAH konferencjach, maj\u0105cych na celu przeszkolenie do dalszych dzia\u0142a\u0144 projektowych na terenie szko\u0142y.<\/p>\n\n\n\n<figure class=\"wp-block-gallery has-nested-images columns-default is-cropped wp-block-gallery-3 is-layout-flex wp-block-gallery-is-layout-flex\">\n<figure class=\"wp-block-image size-large\"><img loading=\"lazy\" decoding=\"async\" width=\"1024\" height=\"576\" data-id=\"233\" src=\"https:\/\/zspwr.nazwa.pl\/wp-content\/uploads\/2022\/02\/h6-1024x576.jpg\" alt=\"\" class=\"wp-image-233\" srcset=\"https:\/\/www.zspwolaradlowska.pl\/wp-content\/uploads\/2022\/02\/h6-1024x576.jpg 1024w, https:\/\/www.zspwolaradlowska.pl\/wp-content\/uploads\/2022\/02\/h6-300x169.jpg 300w, https:\/\/www.zspwolaradlowska.pl\/wp-content\/uploads\/2022\/02\/h6-768x432.jpg 768w, https:\/\/www.zspwolaradlowska.pl\/wp-content\/uploads\/2022\/02\/h6.jpg 1386w\" sizes=\"auto, (max-width: 1024px) 100vw, 1024px\" \/><\/figure>\n<\/figure>\n\n\n\n<p>Na pierwszej konferencji w Krakowie uczestnicy szkolenia mieli mo\u017cliwo\u015b\u0107 spotkania i wymiany do\u015bwiadcze\u0144 z pracownikami PAH pochodz\u0105cymi z Kenii, a pracuj\u0105cymi w Sudanie Po\u0142udniowym. Konferencje mia\u0142y charakter mi\u0119dzynarodowy. Uczestniczyli w nich r\u00f3wnie\u017c nauczyciele z Niemiec, co da\u0142o mo\u017cliwo\u015b\u0107 szerszej wymiany do\u015bwiadcze\u0144. Reasumuj\u0105c koordynatorzy projektu uczestniczyli w trzech spotkaniach: w Krakowie, Warszawie i w Jachrankach ko\u0142o Warszawy. Ponadto koordynatorki projektu w ci\u0105gu ca\u0142ego roku szkolnego uczestniczy\u0142y w kursie e-learningowym obejmuj\u0105cym wiedz\u0119 z zakresu: dost\u0119pu do wody i edukacji oraz pracy metod\u0105 projektu.<\/p>\n\n\n\n<figure class=\"wp-block-gallery has-nested-images columns-default is-cropped wp-block-gallery-4 is-layout-flex wp-block-gallery-is-layout-flex\">\n<figure class=\"wp-block-image size-large\"><img loading=\"lazy\" decoding=\"async\" width=\"1024\" height=\"687\" data-id=\"236\" src=\"https:\/\/zspwr.nazwa.pl\/wp-content\/uploads\/2022\/02\/h3-1024x687.jpg\" alt=\"\" class=\"wp-image-236\" srcset=\"https:\/\/www.zspwolaradlowska.pl\/wp-content\/uploads\/2022\/02\/h3-1024x687.jpg 1024w, https:\/\/www.zspwolaradlowska.pl\/wp-content\/uploads\/2022\/02\/h3-300x201.jpg 300w, https:\/\/www.zspwolaradlowska.pl\/wp-content\/uploads\/2022\/02\/h3-768x515.jpg 768w, https:\/\/www.zspwolaradlowska.pl\/wp-content\/uploads\/2022\/02\/h3.jpg 1372w\" sizes=\"auto, (max-width: 1024px) 100vw, 1024px\" \/><\/figure>\n<\/figure>\n\n\n\n<p>2014 r. Ka\u017cda szko\u0142a mia\u0142a mo\u017cliwo\u015b\u0107 zaprezentowania swoich dzia\u0142a\u0144 projektowych z ca\u0142ego roku szkolnego. Uwie\u0144czeniem projektu by\u0142o otrzymanie presti\u017cowego certyfikatu Szko\u0142y Humanitarnej. Jest to dla naszej szko\u0142y zaszczyt i pow\u00f3d do dumy. Niew\u0105tpliw\u0105 nagrod\u0105 dla wszystkich uczestnik\u00f3w projektu by\u0142o spotkanie z prezesem PAH pani\u0105 Janin\u0105 Ochojsk\u0105. Musimy przyzna\u0107, jeste\u015bmy pod du\u017cym wra\u017ceniem jej osobowo\u015bci i zaanga\u017cowania w niesienie pomocy potrzebuj\u0105cym na ca\u0142ym \u015bwiecie. Mi\u0142\u0105 pami\u0105tk\u0105 dla nas wszystkich jest wsp\u00f3lna fotografia z pani\u0105 Janin\u0105 Ochojsk\u0105.<\/p>\n\n\n\n<figure class=\"wp-block-gallery has-nested-images columns-default is-cropped wp-block-gallery-5 is-layout-flex wp-block-gallery-is-layout-flex\">\n<figure class=\"wp-block-image size-large\"><img loading=\"lazy\" decoding=\"async\" width=\"1024\" height=\"576\" data-id=\"237\" src=\"https:\/\/zspwr.nazwa.pl\/wp-content\/uploads\/2022\/02\/h5-1024x576.jpg\" alt=\"\" class=\"wp-image-237\" srcset=\"https:\/\/www.zspwolaradlowska.pl\/wp-content\/uploads\/2022\/02\/h5-1024x576.jpg 1024w, https:\/\/www.zspwolaradlowska.pl\/wp-content\/uploads\/2022\/02\/h5-300x169.jpg 300w, https:\/\/www.zspwolaradlowska.pl\/wp-content\/uploads\/2022\/02\/h5-768x432.jpg 768w, https:\/\/www.zspwolaradlowska.pl\/wp-content\/uploads\/2022\/02\/h5.jpg 1386w\" sizes=\"auto, (max-width: 1024px) 100vw, 1024px\" \/><\/figure>\n\n\n\n<figure class=\"wp-block-image\"><img decoding=\"async\" src=\"blob:https:\/\/zspwr.nazwa.pl\/046a47a2-9cf8-4444-947c-074f35abfa5a\" alt=\"\"\/><\/figure>\n<\/figure>\n","protected":false},"excerpt":{"rendered":"<p>Opiekun: Anna Klich Publiczne Gimnazjum im. B\u0142. Karoliny w Woli Rad\u0142owskiej w roku szkolnym 2013\/2014 przyst\u0105pi\u0142o do og\u00f3lnopolskiego projektu edukacyjnego Aktywne szko\u0142y na rzecz globalnej odpowiedzialno\u015bci. Patronat nad projektem sprawowa\u0142a Polska Akcja Humanitarna oraz niemiecka i szwajcarska organizacja zajmuj\u0105ca si\u0119 pomoc\u0105 humanitarn\u0105 i tematyk\u0105 globaln\u0105. Uczniowie pierwszej klasy gimnazjum realizowali w ci\u0105gu ca\u0142ego roku szkolnego [&hellip;]<\/p>\n","protected":false},"author":1,"featured_media":0,"parent":0,"menu_order":0,"comment_status":"closed","ping_status":"closed","template":"","meta":{"zakra_page_container_layout":"customizer","zakra_page_sidebar_layout":"customizer","zakra_remove_content_margin":false,"zakra_sidebar":"customizer","zakra_transparent_header":"customizer","zakra_logo":0,"zakra_main_header_style":"default","zakra_menu_item_color":"","zakra_menu_item_hover_color":"","zakra_menu_item_active_color":"","zakra_menu_active_style":"","zakra_page_header":true,"ngg_post_thumbnail":0,"footnotes":""},"class_list":["post-230","page","type-page","status-publish","hentry"],"_links":{"self":[{"href":"https:\/\/www.zspwolaradlowska.pl\/index.php?rest_route=\/wp\/v2\/pages\/230","targetHints":{"allow":["GET"]}}],"collection":[{"href":"https:\/\/www.zspwolaradlowska.pl\/index.php?rest_route=\/wp\/v2\/pages"}],"about":[{"href":"https:\/\/www.zspwolaradlowska.pl\/index.php?rest_route=\/wp\/v2\/types\/page"}],"author":[{"embeddable":true,"href":"https:\/\/www.zspwolaradlowska.pl\/index.php?rest_route=\/wp\/v2\/users\/1"}],"replies":[{"embeddable":true,"href":"https:\/\/www.zspwolaradlowska.pl\/index.php?rest_route=%2Fwp%2Fv2%2Fcomments&post=230"}],"version-history":[{"count":5,"href":"https:\/\/www.zspwolaradlowska.pl\/index.php?rest_route=\/wp\/v2\/pages\/230\/revisions"}],"predecessor-version":[{"id":360,"href":"https:\/\/www.zspwolaradlowska.pl\/index.php?rest_route=\/wp\/v2\/pages\/230\/revisions\/360"}],"wp:attachment":[{"href":"https:\/\/www.zspwolaradlowska.pl\/index.php?rest_route=%2Fwp%2Fv2%2Fmedia&parent=230"}],"curies":[{"name":"wp","href":"https:\/\/api.w.org\/{rel}","templated":true}]}}

Szkoła Humanitarna

<p class="has-text-align-left">Opiekun: Anna Klich</p>



<p>Publiczne Gimnazjum im. Bł. Karoliny w Woli Radłowskiej w roku szkolnym 2013/2014 przystąpiło do ogólnopolskiego projektu edukacyjnego Aktywne szkoły na rzecz globalnej odpowiedzialności. Patronat nad projektem sprawowała Polska Akcja Humanitarna oraz niemiecka i szwajcarska organizacja zajmująca się pomocą humanitarną i tematyką globalną. Uczniowie pierwszej klasy gimnazjum realizowali w ciągu całego roku szkolnego dwa projekty edukacyjne: Stop dla braku wody na świecie i Stop dla głodu na świecie. Pracując metodą projektu uczniowie zaplanowali szereg działań, które realizowali zgodnie z planem. Na szczególną uwagę zasługuje fakt, że jako jedna z niewielu szkół gościliśmy przedstawicieli PAH. Przybyli oni w celu udokumentowania działań projektowych i przeprowadzenia wywiadu z uczniami. Ponadto dwukrotnie odbyły się na terenie naszej szkoły warsztaty dla uczniów klasy pierwszej gimnazjum, prowadzone przez trenera PAH.</p>



<figure class="wp-block-gallery has-nested-images columns-default is-cropped wp-block-gallery-1 is-layout-flex wp-block-gallery-is-layout-flex">
<figure class="wp-block-image size-large"><img loading="lazy" decoding="async" width="1024" height="680" data-id="231" src="https://zspwr.nazwa.pl/wp-content/uploads/2022/02/h1-1024x680.jpg" alt="" class="wp-image-231" srcset="https://www.zspwolaradlowska.pl/wp-content/uploads/2022/02/h1-1024x680.jpg 1024w, https://www.zspwolaradlowska.pl/wp-content/uploads/2022/02/h1-300x199.jpg 300w, https://www.zspwolaradlowska.pl/wp-content/uploads/2022/02/h1-768x510.jpg 768w, https://www.zspwolaradlowska.pl/wp-content/uploads/2022/02/h1.jpg 1386w" sizes="auto, (max-width: 1024px) 100vw, 1024px" /></figure>
</figure>



<p>Wśród wielu działań projektowych realizowanych w ciągu całego roku szkolnego należy wyróżnić kilka z nich: &#8211; Nagranie filmu zachęcającego młodzież do oszczędzania wody, &#8211; Przygotowanie scenariusza i przedstawienia teatrzyku kukiełkowego dla najmłodszych uczniów naszej szkoły Niebieski Kapturek, którego fabuła dotyczy rzeczywistości afrykańskiej, a dokładnie utrudnionego dostępu do wody w Sudanie Południowym, &#8211; Zorganizowanie loterii fantowej Szklanka wody za misia. Zebrane fundusze zostały wpłacone na konto PAH w ramach akcji Studnia dla południa, &#8211; Przygotowanie kiermaszu samodzielnie upieczonych babeczek marchewkowych, z których zysk przekazany PAH na wsparcie akcji świat bez głodu, &#8211; Założenie w szkole Szkolnego Klubu Humanitarnego, opracowanie regulaminu i logo tego klubu.</p>



<figure class="wp-block-gallery has-nested-images columns-default is-cropped wp-block-gallery-2 is-layout-flex wp-block-gallery-is-layout-flex">
<figure class="wp-block-image size-large"><img loading="lazy" decoding="async" width="1024" height="607" data-id="232" src="https://zspwr.nazwa.pl/wp-content/uploads/2022/02/h2-1024x607.jpg" alt="" class="wp-image-232" srcset="https://www.zspwolaradlowska.pl/wp-content/uploads/2022/02/h2-1024x607.jpg 1024w, https://www.zspwolaradlowska.pl/wp-content/uploads/2022/02/h2-300x178.jpg 300w, https://www.zspwolaradlowska.pl/wp-content/uploads/2022/02/h2-768x455.jpg 768w, https://www.zspwolaradlowska.pl/wp-content/uploads/2022/02/h2.jpg 1342w" sizes="auto, (max-width: 1024px) 100vw, 1024px" /></figure>
</figure>



<p>Koordynatorki projektu Anna Klich i Małgorzata Drygaś wraz z dwiema uczennicami Sylwią Zaleśną i Justyną Pokidan, uczestniczyły w zorganizowanych przez PAH konferencjach, mających na celu przeszkolenie do dalszych działań projektowych na terenie szkoły.</p>



<figure class="wp-block-gallery has-nested-images columns-default is-cropped wp-block-gallery-3 is-layout-flex wp-block-gallery-is-layout-flex">
<figure class="wp-block-image size-large"><img loading="lazy" decoding="async" width="1024" height="576" data-id="233" src="https://zspwr.nazwa.pl/wp-content/uploads/2022/02/h6-1024x576.jpg" alt="" class="wp-image-233" srcset="https://www.zspwolaradlowska.pl/wp-content/uploads/2022/02/h6-1024x576.jpg 1024w, https://www.zspwolaradlowska.pl/wp-content/uploads/2022/02/h6-300x169.jpg 300w, https://www.zspwolaradlowska.pl/wp-content/uploads/2022/02/h6-768x432.jpg 768w, https://www.zspwolaradlowska.pl/wp-content/uploads/2022/02/h6.jpg 1386w" sizes="auto, (max-width: 1024px) 100vw, 1024px" /></figure>
</figure>



<p>Na pierwszej konferencji w Krakowie uczestnicy szkolenia mieli możliwość spotkania i wymiany doświadczeń z pracownikami PAH pochodzącymi z Kenii, a pracującymi w Sudanie Południowym. Konferencje miały charakter międzynarodowy. Uczestniczyli w nich również nauczyciele z Niemiec, co dało możliwość szerszej wymiany doświadczeń. Reasumując koordynatorzy projektu uczestniczyli w trzech spotkaniach: w Krakowie, Warszawie i w Jachrankach koło Warszawy. Ponadto koordynatorki projektu w ciągu całego roku szkolnego uczestniczyły w kursie e-learningowym obejmującym wiedzę z zakresu: dostępu do wody i edukacji oraz pracy metodą projektu.</p>



<figure class="wp-block-gallery has-nested-images columns-default is-cropped wp-block-gallery-4 is-layout-flex wp-block-gallery-is-layout-flex">
<figure class="wp-block-image size-large"><img loading="lazy" decoding="async" width="1024" height="687" data-id="236" src="https://zspwr.nazwa.pl/wp-content/uploads/2022/02/h3-1024x687.jpg" alt="" class="wp-image-236" srcset="https://www.zspwolaradlowska.pl/wp-content/uploads/2022/02/h3-1024x687.jpg 1024w, https://www.zspwolaradlowska.pl/wp-content/uploads/2022/02/h3-300x201.jpg 300w, https://www.zspwolaradlowska.pl/wp-content/uploads/2022/02/h3-768x515.jpg 768w, https://www.zspwolaradlowska.pl/wp-content/uploads/2022/02/h3.jpg 1372w" sizes="auto, (max-width: 1024px) 100vw, 1024px" /></figure>
</figure>



<p>2014 r. Każda szkoła miała możliwość zaprezentowania swoich działań projektowych z całego roku szkolnego. Uwieńczeniem projektu było otrzymanie prestiżowego certyfikatu Szkoły Humanitarnej. Jest to dla naszej szkoły zaszczyt i powód do dumy. Niewątpliwą nagrodą dla wszystkich uczestników projektu było spotkanie z prezesem PAH panią Janiną Ochojską. Musimy przyznać, jesteśmy pod dużym wrażeniem jej osobowości i zaangażowania w niesienie pomocy potrzebującym na całym świecie. Miłą pamiątką dla nas wszystkich jest wspólna fotografia z panią Janiną Ochojską.</p>



<figure class="wp-block-gallery has-nested-images columns-default is-cropped wp-block-gallery-5 is-layout-flex wp-block-gallery-is-layout-flex">
<figure class="wp-block-image size-large"><img loading="lazy" decoding="async" width="1024" height="576" data-id="237" src="https://zspwr.nazwa.pl/wp-content/uploads/2022/02/h5-1024x576.jpg" alt="" class="wp-image-237" srcset="https://www.zspwolaradlowska.pl/wp-content/uploads/2022/02/h5-1024x576.jpg 1024w, https://www.zspwolaradlowska.pl/wp-content/uploads/2022/02/h5-300x169.jpg 300w, https://www.zspwolaradlowska.pl/wp-content/uploads/2022/02/h5-768x432.jpg 768w, https://www.zspwolaradlowska.pl/wp-content/uploads/2022/02/h5.jpg 1386w" sizes="auto, (max-width: 1024px) 100vw, 1024px" /></figure>



<figure class="wp-block-image"><img decoding="async" src="blob:https://zspwr.nazwa.pl/046a47a2-9cf8-4444-947c-074f35abfa5a" alt=""/></figure>
</figure>

<p>Opiekun: Anna Klich Publiczne Gimnazjum im. Bł. Karoliny w Woli Radłowskiej w roku szkolnym 2013/2014 przystąpiło do ogólnopolskiego projektu edukacyjnego Aktywne szkoły na rzecz globalnej odpowiedzialności. Patronat nad projektem sprawowała Polska Akcja Humanitarna oraz niemiecka i szwajcarska organizacja zajmująca się pomocą humanitarną i tematyką globalną. Uczniowie pierwszej klasy gimnazjum realizowali w ciągu całego roku szkolnego [&hellip;]</p>
