{"id":137,"date":"2022-01-16T00:43:20","date_gmt":"2022-01-15T23:43:20","guid":{"rendered":"https:\/\/zspwr.nazwa.pl\/?page_id=137"},"modified":"2025-08-22T09:59:05","modified_gmt":"2025-08-22T07:59:05","slug":"ogolnopolski-konkurs-blogoslawiona-karolino-swiec-nam-przykladem","status":"publish","type":"page","link":"https:\/\/www.zspwolaradlowska.pl\/?page_id=137","title":{"rendered":"Og\u00f3lnopolski Konkurs &#8222;B\u0142ogos\u0142awiona Karolino, \u015bwie\u0107 nam przyk\u0142adem&#8230;&#8221;"},"content":{"rendered":"\n<h3 class=\"wp-block-heading has-text-align-center\">Poprzednie edycje Og\u00f3lnopolskiego Konkursu<br><strong>&#8222;B\u0142ogos\u0142awiona Karolino, \u015bwie\u0107 nam przyk\u0142adem&#8230;&#8221;<\/strong><\/h3>\n\n\n\n<p>Prace poetyckie nagrodzone i wyr\u00f3\u017cnione w poszczeg\u00f3lnych edycjach konkursu:<\/p>\n\n\n\n<p><\/p>\n\n\n<p><a href=\"https:\/\/www.zspwolaradlowska.pl\/wp-content\/uploads\/2025\/08\/1-Edycja-konkursu-KAROLINA-2002-1.pdf\">I edycja konkursu (rok 2002)<\/a><\/p>\n\n\n<p><a href=\"https:\/\/www.zspwolaradlowska.pl\/wp-content\/uploads\/2025\/08\/2-Edycja-konkursu-KAROLINA-2003.pdf\">II edycja konkursu (rok 2003)<\/a><\/p>\n\n\n<p><a href=\"https:\/\/www.zspwolaradlowska.pl\/wp-content\/uploads\/2025\/08\/3-Edycja-konkursu-KAROLINA-2004-05.pdf\">III edycja konkursu (rok 2004)<\/a><\/p>\n\n\n<p><a href=\"https:\/\/www.zspwolaradlowska.pl\/wp-content\/uploads\/2025\/08\/4-Edycja-konkursu-KAROLINA-2005.pdf\">IV edycja konkursu (rok 2005)<\/a><\/p>\n\n\n\n<p><a href=\"https:\/\/www.zspwolaradlowska.pl\/wp-content\/uploads\/2025\/08\/5-Edycja-konkursu-KAROLINA-2006-07.pdf\">V edycja konkursu (rok 2006 \/ 2007)<\/a><\/p>\n\n\n\n<p><a href=\"https:\/\/www.zspwolaradlowska.pl\/wp-content\/uploads\/2025\/08\/6-Edycja-konkursu-KAROLINA-2007-08.pdf\">VI edycja konkursu (rok 2007 \/ 2008)<\/a><\/p>\n\n\n\n<p><a href=\"https:\/\/www.zspwolaradlowska.pl\/wp-content\/uploads\/2025\/08\/7-Edycja-konkursu-KAROLINA-2008-09.pdf\">VII edycja konkursu (rok 2008 \/ 2009)<\/a><\/p>\n\n\n\n<p><a href=\"https:\/\/www.zspwolaradlowska.pl\/wp-content\/uploads\/2025\/08\/8-Edycja-konkursu-KAROLINA-2009-10.pdf\">VIII edycja konkursu (rok 2009 \/ 2010)<\/a><\/p>\n\n\n\n<p><a href=\"https:\/\/www.zspwolaradlowska.pl\/wp-content\/uploads\/2025\/08\/9-Edycja-konkursu-KAROLINA-2010-11.pdf\">IX edycja konkursu (rok 2010 \/ 2011)<\/a><\/p>\n\n\n\n<p><a href=\"https:\/\/www.zspwolaradlowska.pl\/wp-content\/uploads\/2025\/08\/10-Edycja-konkursu-KAROLINA-2012-13.pdf\">X edycja konkursu (rok 2012 \/ 2013)<\/a><\/p>\n\n\n\n<p><a href=\"https:\/\/www.zspwolaradlowska.pl\/wp-content\/uploads\/2025\/08\/11-Edycja-konkursu-KAROLINA-2013-14.pdf\">XI edycja konkursu (rok 2013 \/ 2014)<\/a><\/p>\n\n\n\n<p><a href=\"https:\/\/www.zspwolaradlowska.pl\/wp-content\/uploads\/2025\/08\/12-Edycja-konkursu-KAROLINA-2014-15.pdf\">XII edycja konkursu (rok 2014 \/ 2015)<\/a><\/p>\n\n\n\n<p><a href=\"https:\/\/www.zspwolaradlowska.pl\/wp-content\/uploads\/2025\/08\/13-Edycja-konkursu-KAROLINA-2015-16.pdf\">XIII edycja konkursu (rok 2015 \/ 2016)<\/a><\/p>\n\n\n<p>XIV edycja konkursu (rok 2016 \/ 2017)<\/p>\n<p>XV edycja konkursu (rok 2017 \/ 2018)<\/p>\n<p><a href=\"https:\/\/www.zspwolaradlowska.pl\/wp-content\/uploads\/2025\/08\/16-Edycja-konkursu-KAROLINA-2018-19.pdf\">XVI edycja konkursu (rok 2018 \/ 2019)<\/a><\/p>\n<p><a href=\"https:\/\/www.zspwolaradlowska.pl\/wp-content\/uploads\/2025\/08\/17-Edycja-konkursu-KAROLINA-2019-20.pdf\">XVII edycja konkursu (rok 2019 \/ 2020)<\/a><\/p>\n<p><a href=\"https:\/\/www.zspwolaradlowska.pl\/wp-content\/uploads\/2025\/08\/18-edycja-konkursu-KAROLINA-2020-21.pdf\">XVIII edycja konkursu (rok 2020 \/ 2021)<\/a><\/p>\n<p><a href=\"https:\/\/www.zspwolaradlowska.pl\/wp-content\/uploads\/2025\/08\/19-Edycja-konkursu-KAROLINA-2021-22.pdf\">XIX edycja konkursu (rok 2021 \/ 2022)<\/a><\/p>\n<p><a href=\"https:\/\/www.zspwolaradlowska.pl\/wp-content\/uploads\/2025\/08\/20-Edycja-konkursu-KAROLINA-2022-23.pdf\">XX edycja konkursu (rok 2022 \/ 2023)<\/a><\/p>\n<p><a href=\"https:\/\/www.zspwolaradlowska.pl\/wp-content\/uploads\/2025\/08\/21-Edycja-konkursu-KAROLINA-2023-24.pdf\">XXI edycja konkursu (rok 2023 \/ 2024)<\/a><\/p>\n<p><a href=\"https:\/\/www.zspwolaradlowska.pl\/wp-content\/uploads\/2025\/08\/22-Edycja-konkursu-KAROLINA-2024-25.pdf\">XXII edycja konkursu (rok 2024 \/ 2025)<\/a><\/p>","protected":false},"excerpt":{"rendered":"<p>Poprzednie edycje Og\u00f3lnopolskiego Konkursu&#8222;B\u0142ogos\u0142awiona Karolino, \u015bwie\u0107 nam przyk\u0142adem&#8230;&#8221; Prace poetyckie nagrodzone i wyr\u00f3\u017cnione w poszczeg\u00f3lnych edycjach konkursu: I edycja konkursu (rok 2002) II edycja konkursu (rok 2003) III edycja konkursu (rok 2004) IV edycja konkursu (rok 2005) V edycja konkursu (rok 2006 \/ 2007) VI edycja konkursu (rok 2007 \/ 2008) VII edycja konkursu (rok [&hellip;]<\/p>\n","protected":false},"author":1,"featured_media":0,"parent":0,"menu_order":0,"comment_status":"closed","ping_status":"closed","template":"","meta":{"zakra_page_container_layout":"customizer","zakra_page_sidebar_layout":"customizer","zakra_remove_content_margin":false,"zakra_sidebar":"customizer","zakra_transparent_header":"customizer","zakra_logo":0,"zakra_main_header_style":"default","zakra_menu_item_color":"","zakra_menu_item_hover_color":"","zakra_menu_item_active_color":"","zakra_menu_active_style":"","zakra_page_header":true,"ngg_post_thumbnail":0,"footnotes":""},"class_list":["post-137","page","type-page","status-publish","hentry"],"_links":{"self":[{"href":"https:\/\/www.zspwolaradlowska.pl\/index.php?rest_route=\/wp\/v2\/pages\/137","targetHints":{"allow":["GET"]}}],"collection":[{"href":"https:\/\/www.zspwolaradlowska.pl\/index.php?rest_route=\/wp\/v2\/pages"}],"about":[{"href":"https:\/\/www.zspwolaradlowska.pl\/index.php?rest_route=\/wp\/v2\/types\/page"}],"author":[{"embeddable":true,"href":"https:\/\/www.zspwolaradlowska.pl\/index.php?rest_route=\/wp\/v2\/users\/1"}],"replies":[{"embeddable":true,"href":"https:\/\/www.zspwolaradlowska.pl\/index.php?rest_route=%2Fwp%2Fv2%2Fcomments&post=137"}],"version-history":[{"count":20,"href":"https:\/\/www.zspwolaradlowska.pl\/index.php?rest_route=\/wp\/v2\/pages\/137\/revisions"}],"predecessor-version":[{"id":1363,"href":"https:\/\/www.zspwolaradlowska.pl\/index.php?rest_route=\/wp\/v2\/pages\/137\/revisions\/1363"}],"wp:attachment":[{"href":"https:\/\/www.zspwolaradlowska.pl\/index.php?rest_route=%2Fwp%2Fv2%2Fmedia&parent=137"}],"curies":[{"name":"wp","href":"https:\/\/api.w.org\/{rel}","templated":true}]}}